he millions digit of 516653354?
6
What is the thousands digit of 335441477?
1
What is the millions digit of 89359196?
9
What is the thousands digit of 7154759?
4
What is the millions digit of 74620789?
4
What is the thousands digit of 2056738310?
8
What is the thousands digit of 2983872450?
2
What is the hundred thousands digit of 1057620807?
6
What is the units digit of 291916687?
7
What is the hundred millions digit of 8301758492?
3
What is the billions digit of 5853300464?
5
What is the hundreds digit of 475214791?
7
What is the hundred millions digit of 182273656?
1
What is the ten thousands digit of 34971616?
7
What is the billions digit of 1199578900?
1
What is the ten millions digit of 1048641080?
4
What is the millions digit of 131798625?
1
What is the ten thousands digit of 552551299?
5
What is the ten thousands digit of 55283345?
8
What is the tens digit of 29234691?
9
What is the hundred millions digit of 288350719?
2
What is the tens digit of 79348705?
0
What is the millions digit of 3459261128?
9
What is the units digit of 26267810?
0
What is the tens digit of 4288263921?
2
What is the ten thousands digit of 546227220?
2
What is the thousands digit of 110174728?
4
What is the hundred millions digit of 1527973545?
5
What is the millions digit of 224604123?
4
What is the thousands digit of 29139409?
9
What is the thousands digit of 148352489?
2
What is the tens digit of 361102991?
9
What is the hundred thousands digit of 232562043?
5
What is the billions digit of 1110712417?
1
What is the ten thousands digit of 5992359474?
5
What is the ten thousands digit of 74864867?
6
What is the millions digit of 27192411?
7
What is the thousands digit of 110909839?
9
What is the ten thousands digit of 73239570?
3
What is the tens digit of 506840141?
4
What is the tens digit of 36963558?
5
What is the ten millions digit of 209780791?
0
What is the units digit of 9602172056?
6
What is the units digit of 147060417?
7
What is the billions digit of 2380941481?
2
What is the thousands digit of 33772670?
2
What is the thousands digit of 406548614?
8
What is the hundreds digit of 34227688?
6
What is the tens digit of 5396436655?
5
What is the ten millions digit of 448390100?
4
What is the hundred thousands digit of 103735895?
7
What is the tens digit of 62061237?
3
What is the hundreds digit of 131743135?
1
What is the tens digit of 17004680?
8
What is the hundred millions digit of 253005794?
2
What is the units digit of 248249698?
8
What is the hundred thousands digit of 87565226?
5
What is the hundred millions digit of 2554712468?
5
What is the ten thousands digit of 554072578?
7
What is the millions digit of 2546079210?
6
What is the tens digit of 16982748?
4
What is the tens digit of 413658505?
0
What is the ten millions digit of 238323162?
3
What is the hundred thousands digit of 5802539?
8
What is the ten millions digit of 153794665?
5
What is the hundred millions digit of 154124254?
1
What is the hundred thousands digit of 303458009?
4
What is the hundreds digit of 19489080?
0
What is the tens digit of 189641162?
6
What is the millions digit of 626418855?
6
What is the units digit of 325779571?
1
What is the thousands digit of 21116207?
6
What is the units digit of 322626557?
7
What is the hundred thousands digit of 288121799?
1
What is the hundreds digit of 85028165?
1
What is the hundred millions digit of 658944982?
6
What is the ten thousands digit of 53146437?
4
What is the ten thousands digit of 2376961631?
6
What is the ten thousands digit of 172252945?
5
What is the thousands digit of 30903725?
3
What is the tens digit of 64532394?
9
What is the units digit of 36337086?
6
What is the hundreds digit of 79274855?
8
What is the units digit of 66273397?
7
What is the ten thousands digit of 304583965?
8
What is the hundreds digit of 2052026481?
4
What is the hundred thousands digit of 3014111682?
1
What is the hundreds digit of 2805058433?
4
What is the tens digit of 3106977856?
5
What is the hundred thousands digit of 3380220346?
2
What is the units digit of 2179793332?
2
What is the units digit of 545254612?
2
What is the thousands digit of 31466656?
6
What is the tens digit of 13499062?
6
What is the thousands digit of 1443829033?
9
What is the ten thousands digit of 904787124?
8
What is the ten thousands digit of 148695985?
9
What is the ten thousands digit of 152941323?
4
What is the thousands digit of 2129108916?
8
What is the ten thousands digit of 41744491?
4
What is the units digit of 1059101921?
1
What is the billions digit of 1338129228?
1
What is the hundred thousands digit of 766313788?
3
What is the hundred thousands digit of 53489173?
4
What is the billions digit of 7062503965?
7
What is the ten millions digit of 61850117?
6
What is the hundreds digit of 39330298?
2
What is the units digit of 190524996?
6
What is the tens digit of 846149652?
5
What is the ten thousands digit of 492602782?
0
What is the ten thousands digit of 756102430?
0
What is the millions digit of 29991953?
9
What is the ten thousands digit of 3844433390?
3
What is the units digit of 69811827?
7
What is the thousands digit of 884614239?
4
What is the millions digit of 51265723?
1
What is the ten millions digit of 3985103164?
8
What is the billions digit of 1741998627?
1
What is the hundred thousands digit of 322753547?
7
What is the tens digit of 2061126047?
4
What is the hundred thousands digit of 86657158?
6
What is the ten thousands digit of 472389065?
8
What is the ten thousands digit of 104820609?
2
What is the ten millions digit of 64975017?
6
What is the hundred millions digit of 211361823?
2
What is the hundreds digit of 5306465277?
2
What is the ten thousands digit of 860332754?
3
What is the hundred millions digit of 334525907?
3
What is the ten thousands digit of 292039828?
3
What is the ten millions digit of 156244521?
5
What is the ten thousands digit of 754786860?
8
What is the ten millions digit of 14231470?
1
What is the millions digit of 1740665?
1
What is the hundred millions digit of 1156069774?
1
What is the thousands digit of 238705063?
5
What is the thousands digit of 22537184?
7
What is the thousands digit of 44898063?
8
What is the hundred thousands digit of 146657171?
6
What is the hundreds digit of 1823332127?
1
What is the hundred millions digit of 118054463?
1
What is the thousands digit of 701657954?
7
What is the ten thousands digit of 2048617707?
1
What is the hundreds digit of 34637641?
6
What is the tens digit of 97205969?
6
What is the ten millions digit of 1056426681?
5
What is the thousands digit of 1675427957?
7
What is the units digit of 19565596?
6
What is the ten thousands digit of 1298537920?
3
What is the ten millions digit of 169747873?
6
What is the tens digit of 277669297?
9
What is the ten millions digit of 106734785?
0
What is the tens digit of 5030721?
2
What is the units digit of 2513223002?
2
What is the units digit of 28694968?
8
What is the units digit of 71338463?
3
What is the ten millions digit of 7680368690?
8
What is the hundred thousands digit of 165882425?
8
What is the hundreds digit of 540618450?
4
What is the units digit of 2689217233?
3
What is the thousands digit of 3352610980?
0
What is the units digit of 56176179?
9
What is the ten thousands digit of 714940574?
4
What is the thousands digit of 483714797?
4
What is the hundreds digit of 43856275?
2
What is the hundred millions digit of 639952420?
6
What is the millions digit of 617761631?
7
What is the units digit of 37127933?
3
What is the units digit of 630220264?
4
What is the hundred millions digit of 1395161463?
3
What is the millions digit of 404129348?
4
What is the ten millions digit of 160169242?
6
What is the hundred millions digit of 3675435362?
6
What is the tens digit of 56834465?
6
What is the ten thousands digit of 35950733?
5
What is the thousands digit of 2419396844?
6
What is the tens digit of 2299053932?
3
What is the units digit of 353383595?
5
What is the billions digit of 2728140660?
2
What is the ten millions digit of 39196330?
3
What is the ten thousands digit of 111450685?
5
What is the tens digit of 65717432?
3
What is the units digit of 451082265?
5
What is the hundreds digit of 1578491843?
8
What is the ten thous